8)/72?
3, 47
What are the prime factors of ((-915)/(-30) + 9)*730?
5, 73, 79
Let k(l) = -969*l**2 + l - 2. Let f be k(-1). What are the prime factors of (f - -2)*(-3)/(15/2)?
2, 97
Suppose -899118 = -6*b + 30*b - 2594022. What are the prime factors of b?
70621
Suppose 175 = 3*r + 5*n, -142 - 88 = -4*r - 5*n. What are the prime factors of (-4 - r/(-20))*(-2 + -274)?
3, 5, 23
Suppose -930*c + 1538 = m - 932*c, 0 = -5*m - 3*c + 7664. List the prime factors of m.
2, 13, 59
Let c = 349 + -345. Suppose -w + 4*k = -251, 0 = -16*w + 19*w + c*k - 689. List the prime factors of w.
5, 47
Suppose -2*c = -30 + 34. List the prime factors of c*((-4485)/6)/13.
5, 23
Let x(r) be the second derivative of 13*r**3/2 - 21*r**2/2 + 3*r - 9. What are the prime factors of x(10)?
3, 41
Let c = 23 + 157. Suppose 3*w - 7*w = c. Let u = w - -114. List the prime factors of u.
3, 23
List the prime factors of (-33)/(1*6/(-2426)).
11, 1213
Let f(n) = 4*n**3 - 6*n**2 - 21*n + 129. List the prime factors of f(8).
5, 13
Let h = 276 + -380. List the prime factors of (-62205)/h + 3/(-24).
2, 13, 23
Let w(x) = -x**2 - 15*x + 10. Let a be w(-15). Suppose -19*z + 14*z = -a. Suppose -b - z*m = -228, 2*b - 4*b = -3*m - 456. What are the prime factors of b?
2, 3, 19
Let p = 745 + 5234. What are the prime factors of p?
3, 1993
Let t be (22/(-4))/((-10)/180). Suppose -8*o = 3 - t. Suppose 304 = -4*b + o*b. What are the prime factors of b?
2, 19
Suppose 753*h - 326*h = 332*h + 4296755. What are the prime factors of h?
31, 1459
Let v(c) = -c**3 - 23*c**2 - 67*c - 2. Let y be v(-22). Suppose b + y = 2*l, 7 = -4*b + 23. List the prime factors of l.
2, 31
Suppose -3*i = 8 + 7. Let k be ((-30)/12)/i*1*30. List the prime factors of (1 + 0)/(k/1170).
2, 3, 13
Let a = 2482 + -490. List the prime factors of a.
2, 3, 83
Let x = -30 - -24. Let z(w) = -w**3 - 6*w**2 - w - 3. Let h be z(x). Suppose 4*o - 5*v = -3*v + 132, o - h*v - 33 = 0. List the prime factors of o.
3, 11
Let l = 25 - 20. Suppose 3*p + p - l*y - 391 = 0, -5*y = -2*p + 203. Suppose 4*d - 586 = -p. List the prime factors of d.
3, 41
Suppose 155*k = 178*k - 186047. List the prime factors of k.
8089
Let c(o) = 2*o**3 + 4*o**2 - o + 3. Let a be c(3). Let z be (-20)/a + (-9398)/(-9). Suppose -f + 5*p = -195, f - 6*f + 2*p = -z. List the prime factors of f.
2, 3, 5, 7
Suppose -15*m - 3*m + 11034 = 0. Suppose -m*g + 1132 = -609*g. What are the prime factors of g?
283
Suppose 3*n - 741 = -4*j, 2*n - n = 5*j - 912. What are the prime factors of (-1 - 1)*(-2 + j)/(-1)?
2, 181
Suppose 2*m - 186 = 7*d - 5*d, 2*d - 4*m + 182 = 0. List the prime factors of (-1156)/(-1) + d/19.
1151
Suppose 3270 = 17*p - 2408. Let n = -283 + p. What are the prime factors of n?
3, 17
Let v = -1138 - -662. Let j = v - -823. List the prime factors of j.
347
What are the prime factors of (46156/28)/(8/56)?
11, 1049
Suppose 2*x - 5*z = -2*x + 39, 3*x - 4*z - 29 = 0. Suppose 322 = -x*p + 13*p. Suppose 50 = -s + 4*r + p, -5*r = 3*s - 367. List the prime factors of s.
7, 17
Let o = 7960 + -2048. What are the prime factors of o?
2, 739
Let b(n) = 83*n**2 + 78*n + 410. What are the prime factors of b(-14)?
2, 7793
Let w(d) = -d**2 + 2988. Let q be w(0). Suppose 155*g - 157*g + q = 0. What are the prime factors of g?
2, 3, 83
Suppose -3 - 217 = -20*n. Suppose n*c + 8011 = 26645. What are the prime factors of c?
2, 7, 11
Let q be (12/30)/((-3)/(-1740)). Let p(z) = z**2 - 5. Let s be p(3). Suppose -3*x = -b - 168, s*x - 4*b - q = -0*b. What are the prime factors of x?
5, 11
Let i(k) = k**3 + 6*k**2 + 2*k - 10. Let y be i(-3). Suppose -12*f + 594 = -y*f. List the prime factors of f.
2, 3, 11
Let j be (-4)/(-10)*65/(-39)*6. Let a(k) = -3*k**3 + 2*k**2 + 2*k + 7. What are the prime factors of a(j)?
223
Let d(c) = -8*c**3 - 13*c**2 - 45*c - 459. What are the prime factors of d(-9)?
3, 5, 7
Let n be -150 - 3 - (2 - 1). Let g = n + 186. What are the prime factors of g?
2
Suppose 2*v + 2*v = 8. Suppose 5*z = -r - 4, -2*r - 12 = v*z + r. Suppose -245 = -z*d - 5*d. What are the prime factors of d?
7
Let u be 3*(-500)/(-6) + 3. Let q = -136 + u. What are the prime factors of q?
3, 13
Let k = -4188 - -15807. What are the prime factors of k?
3, 1291
Let h(o) = -o**3 - 3*o**2 - 2*o - 1. Let s be h(-2). Let g be s - (-5 - (1 - (3 + -4))). Let b(c) = 6*c**2 - 4*c - 15. What are the prime factors of b(g)?
3, 59
Suppose -4*w + 12269 = 5*p, 44*w = 49*w + p - 15310. Suppose 3*u = -10*r + 5*r + w, 5*r - 3059 = -2*u. What are the prime factors of r?
13, 47
Let f = 18 - 16. Suppose 7*q = f*q. Suppose q = -3*o - o + 308. What are the prime factors of o?
7, 11
Let c be 6/21 + (-288)/(-21). Suppose -c*n + 37480 = 26*n. List the prime factors of n.
937
What are the prime factors of (-5154)/(-2) + (-38)/19?
5, 103
Let f(u) = u**2 - u + 20. Suppose 0 = 2*z + 3*b - 20, 3*z + 5*b = -1 + 31. What are the prime factors of f(z)?
2, 5, 11
Let s(c) = -185*c**2 - 9*c - 5. Let h(i) = -184*i**2 - 8*i - 4. Let b(u) = -6*h(u) + 5*s(u). List the prime factors of b(-2).
709
Suppose 6 = -11*b + 61. Suppose -1117 = -b*m - 172. What are the prime factors of m?
3, 7
What are the prime factors of (-34)/289 - 659754/(-153)?
2, 7, 11
Suppose -2*x + 6 = 2*a - 0, 0 = -2*a + 5*x + 6. Suppose -a*c = -2*c - 5, -1210 = -4*i + 2*c. List the prime factors of i.
5, 61
Suppose -11*r = -7*r - 8. Suppose 4*o - 4*v - 196 = o, -r*o + 140 = 2*v. Suppose -o = -9*h + 5*h. List the prime factors of h.
17
What are the prime factors of (3 - (44/(-132))/(1/(-15))) + 9810?
2, 613
Suppose -i - 4*q + 83 = 0, 3*i + 3*q - q - 219 = 0. Let p(k) = -6*k - 1. Let o be p(4). Let l = i + o. List the prime factors of l.
2, 23
Let s(l) = -706*l - 60. Let c be s(-5). Suppose -11*a + 4736 + c = 0. What are the prime factors of a?
2, 373
Let k = -177 + 181. Suppose -1415 + 5748 = 4*y - 3*m, y - 1067 = k*m. What are the prime factors of y?
1087
Suppose -530 = 5*k + 70. What are the prime factors of (k/4 - -3)/(7/(-63))?
3
Let i be ((-1)/3)/((-4)/60*-1). What are the prime factors of (2 + -7)*(i + 2814/(-30))?
2, 13, 19
Let i be ((-1)/(-2))/(4 - 2647/662). Suppose h + 2*b = -3*b + i, -h = b - 351. Suppose 3*c = 15, 0 = -4*y + 3*c + c + h. What are the prime factors of y?
2, 47
Let n(x) = -x**3 + 9*x**2 + 4*x - 31. Let z be n(9). Suppose -z*s + 1585 = 5*f, -4 = -4*s - 0. What are the prime factors of f?
2, 79
Let p = 479 - 338. What are the prime factors of (-14570)/p*((1 - 2) + -5)?
2, 5, 31
Let a = 1478 - -10277. What are the prime factors of a?
5, 2351
Let q be 1 + (-288)/(-6) + -1. Let t = 393 - q. List the prime factors of t.
3, 5, 23
Suppose 4*b - 172213 = -5*k, 2*k - 4*b + 3*b - 68867 = 0. What are the prime factors of k?
3, 13, 883
List the prime factors of 34/85 - (-76773)/5.
5, 37, 83
Let s = 6795 + 14414. List the prime factors of s.
127, 167
Let q(o) = o**3 - 3*o**2 + 129*o - 205. What are the prime factors of q(25)?
2, 3, 5, 13, 43
Let h = 624 + -622. List the prime factors of 41724/45 - h/10.
3, 103
Suppose -5*u + 1050 = 5*u. Let l = u - 107. Let i = 197 + l. List the prime factors of i.
3, 5, 13
Let p be 920/72 + 0 + 2/9. Let w(t) = -t**2 + 16 - 3 + 25*t + 5. List the prime factors of w(p).
2, 3, 29
Suppose 3*u + 1199 = -4*g - 0*g, -g - 5*u = 321. Let m = 551 + g. What are the prime factors of m?
3, 5, 17
Suppose 3*j - 258*l - 3863 = -263*l, -5*l = -2*j + 2617. List the prime factors of j.
2, 3
Let g = 617 - 1205. Let t = -163 - g. List the prime factors of t.
5, 17
Let v be (-39)/(-78) + 6/4. Let n be (1 - 1 - 1)*-29. Suppose v*r = r + n. What are the prime factors of r?
29
Let u(m) = 3*m**2 + 17*m + 17. Let h = -136 - -123. List the prime factors of u(h).
3, 101
Let w = -3118 + 6220. What are the prime factors of w?
2, 3, 11, 47
Let w(b) = 6*b**2 - 10*b - 45. Let y be w(11). Let v = y - 387. What are the prime factors of v?
2, 23
Let z(r) = 27950*r + 1638. List the prime factors of z(2).
2, 13, 2213
Let z be -2*(35/15)/7*-9. Suppose 4*l - d = -2*d + z, -d = l. What are the prime factors of l?
2
List the prime factors of (66/(-99))/(12/(-299034)).
37, 449
Suppose -31506 = -3*s - 3*i, -4*i + 66248 = 5*s + 13740. List the prime factors of s.
2, 3, 5, 7
Suppose -24*k = 4*g - 20*k - 194908, -3*g = 2*k - 146178. List the prime factors of g.
2, 13, 9